{"id":403,"date":"2024-02-04T21:11:35","date_gmt":"2024-02-04T20:11:35","guid":{"rendered":"https:\/\/melina.ch\/wp\/?page_id=403"},"modified":"2024-02-04T21:11:36","modified_gmt":"2024-02-04T20:11:36","slug":"navara","status":"publish","type":"page","link":"https:\/\/melina.ch\/wp\/navara\/","title":{"rendered":"Navara"},"content":{"rendered":"\n<p>Bei den Feuerwehren besteht h\u00e4ufig ein grosser Bedarf, Material an verschiedene Einsatzorte zu bringen. Dies wird durch Materialtransportfahrzeuge sichergestellt. Materialtransportfahrzeuge gibt es in verschiedensten Gr\u00f6ssen, vom kleinen Zubringerfahrzeug bis zum grossen Transport-LKW, mit dem schwere Ausr\u00fcstung herangeschafft werden kann.<\/p>\n\n\n\n<div class=\"wp-block-group is-layout-flow wp-block-group-is-layout-flow\">\n<div style=\"height:20px\" aria-hidden=\"true\" class=\"wp-block-spacer\"><\/div>\n\n\n\n<h4 class=\"wp-block-heading has-text-align-center\">Fahrzeuginformationen<\/h4>\n\n\n\n<div class=\"wp-block-columns is-layout-flex wp-container-core-columns-is-layout-28f84493 wp-block-columns-is-layout-flex\">\n<div class=\"wp-block-column is-layout-flow wp-block-column-is-layout-flow\">\n<figure class=\"wp-block-table\"><table><tbody><tr><td>Einsatzzweck:<\/td><td>MTF f\u00fcr Materialwart<\/td><\/tr><tr><td>Baujahr:<\/td><td>2014<\/td><\/tr><tr><td>Leistung:<\/td><td>144 PS<\/td><\/tr><tr><td>Aufbau:<\/td><td>Eigenbau<\/td><\/tr><tr><td>Dimensionen (L x B x H):<\/td><td><\/td><\/tr><\/tbody><\/table><\/figure>\n<\/div>\n\n\n\n<div class=\"wp-block-column is-layout-flow wp-block-column-is-layout-flow\">\n<figure class=\"wp-block-table\"><table><tbody><tr><td>Fahrgestell:<\/td><td>Nissan Navara<\/td><\/tr><tr><td>Radstand:<\/td><td><\/td><\/tr><tr><td>Gewicht:<\/td><td>3.25 to<\/td><\/tr><tr><td>Getriebe:<\/td><td>6-Gang Schaltgetriebe<\/td><\/tr><tr><td>Tankinhalt:<\/td><td>80 Liter Diesel<\/td><\/tr><\/tbody><\/table><\/figure>\n<\/div>\n<\/div>\n<\/div>\n\n\n\n<div class=\"wp-block-group is-layout-flow wp-block-group-is-layout-flow\">\n<div style=\"height:20px\" aria-hidden=\"true\" class=\"wp-block-spacer\"><\/div>\n\n\n\n<h4 class=\"wp-block-heading has-text-align-center\">Fahrzeuginformationen<\/h4>\n\n\n\n<div class=\"wp-block-columns is-layout-flex wp-container-core-columns-is-layout-28f84493 wp-block-columns-is-layout-flex\">\n<div class=\"wp-block-column is-layout-flow wp-block-column-is-layout-flow\">\n<figure class=\"wp-block-table\"><table><tbody><tr><td>Besatzung:<\/td><td>5 AdF<\/td><\/tr><tr><td>zus\u00e4tzliche Ausr\u00fcstung:<\/td><td>Pulverl\u00f6scher<br>Ordner Schl\u00fcsselh\u00fclsen<br>Ordner Einsatzpl\u00e4ne<br>2 Triopane<br>2 Elektroblitz<\/td><\/tr><tr><td>Besonderes:<\/td><td>&#8211;<\/td><\/tr><\/tbody><\/table><\/figure>\n<\/div>\n<\/div>\n<\/div>\n","protected":false},"excerpt":{"rendered":"<p>Bei den Feuerwehren besteht h\u00e4ufig ein grosser Bedarf, Material an verschiedene Einsatzorte zu bringen. Dies wird durch Materialtransportfahrzeuge sichergestellt. Materialtransportfahrzeuge gibt es in verschiedensten Gr\u00f6ssen, vom kleinen Zubringerfahrzeug bis zum grossen Transport-LKW, mit dem schwere Ausr\u00fcstung herangeschafft werden kann. Fahrzeuginformationen Einsatzzweck: MTF f\u00fcr Materialwart Baujahr: 2014 Leistung: 144 PS Aufbau: Eigenbau Dimensionen (L x B [&hellip;]<\/p>\n","protected":false},"author":3,"featured_media":349,"parent":0,"menu_order":0,"comment_status":"closed","ping_status":"closed","template":"","meta":{"footnotes":""},"class_list":["post-403","page","type-page","status-publish","has-post-thumbnail","hentry"],"_links":{"self":[{"href":"https:\/\/melina.ch\/wp\/wp-json\/wp\/v2\/pages\/403","targetHints":{"allow":["GET"]}}],"collection":[{"href":"https:\/\/melina.ch\/wp\/wp-json\/wp\/v2\/pages"}],"about":[{"href":"https:\/\/melina.ch\/wp\/wp-json\/wp\/v2\/types\/page"}],"author":[{"embeddable":true,"href":"https:\/\/melina.ch\/wp\/wp-json\/wp\/v2\/users\/3"}],"replies":[{"embeddable":true,"href":"https:\/\/melina.ch\/wp\/wp-json\/wp\/v2\/comments?post=403"}],"version-history":[{"count":1,"href":"https:\/\/melina.ch\/wp\/wp-json\/wp\/v2\/pages\/403\/revisions"}],"predecessor-version":[{"id":404,"href":"https:\/\/melina.ch\/wp\/wp-json\/wp\/v2\/pages\/403\/revisions\/404"}],"wp:featuredmedia":[{"embeddable":true,"href":"https:\/\/melina.ch\/wp\/wp-json\/wp\/v2\/media\/349"}],"wp:attachment":[{"href":"https:\/\/melina.ch\/wp\/wp-json\/wp\/v2\/media?parent=403"}],"curies":[{"name":"wp","href":"https:\/\/api.w.org\/{rel}","templated":true}]}}

<p>Bei den Feuerwehren besteht häufig ein grosser Bedarf, Material an verschiedene Einsatzorte zu bringen. Dies wird durch Materialtransportfahrzeuge sichergestellt. Materialtransportfahrzeuge gibt es in verschiedensten Grössen, vom kleinen Zubringerfahrzeug bis zum grossen Transport-LKW, mit dem schwere Ausrüstung herangeschafft werden kann.</p>



<div class="wp-block-group is-layout-flow wp-block-group-is-layout-flow">
<div style="height:20px" aria-hidden="true" class="wp-block-spacer"></div>



<h4 class="wp-block-heading has-text-align-center">Fahrzeuginformationen</h4>



<div class="wp-block-columns is-layout-flex wp-container-core-columns-is-layout-28f84493 wp-block-columns-is-layout-flex">
<div class="wp-block-column is-layout-flow wp-block-column-is-layout-flow">
<figure class="wp-block-table"><table><tbody><tr><td>Einsatzzweck:</td><td>MTF für Materialwart</td></tr><tr><td>Baujahr:</td><td>2014</td></tr><tr><td>Leistung:</td><td>144 PS</td></tr><tr><td>Aufbau:</td><td>Eigenbau</td></tr><tr><td>Dimensionen (L x B x H):</td><td></td></tr></tbody></table></figure>
</div>



<div class="wp-block-column is-layout-flow wp-block-column-is-layout-flow">
<figure class="wp-block-table"><table><tbody><tr><td>Fahrgestell:</td><td>Nissan Navara</td></tr><tr><td>Radstand:</td><td></td></tr><tr><td>Gewicht:</td><td>3.25 to</td></tr><tr><td>Getriebe:</td><td>6-Gang Schaltgetriebe</td></tr><tr><td>Tankinhalt:</td><td>80 Liter Diesel</td></tr></tbody></table></figure>
</div>
</div>
</div>



<div class="wp-block-group is-layout-flow wp-block-group-is-layout-flow">
<div style="height:20px" aria-hidden="true" class="wp-block-spacer"></div>



<h4 class="wp-block-heading has-text-align-center">Fahrzeuginformationen</h4>



<div class="wp-block-columns is-layout-flex wp-container-core-columns-is-layout-28f84493 wp-block-columns-is-layout-flex">
<div class="wp-block-column is-layout-flow wp-block-column-is-layout-flow">
<figure class="wp-block-table"><table><tbody><tr><td>Besatzung:</td><td>5 AdF</td></tr><tr><td>zusätzliche Ausrüstung:</td><td>Pulverlöscher<br>Ordner Schlüsselhülsen<br>Ordner Einsatzpläne<br>2 Triopane<br>2 Elektroblitz</td></tr><tr><td>Besonderes:</td><td>&#8211;</td></tr></tbody></table></figure>
</div>
</div>
</div>

<p>Bei den Feuerwehren besteht häufig ein grosser Bedarf, Material an verschiedene Einsatzorte zu bringen. Dies wird durch Materialtransportfahrzeuge sichergestellt. Materialtransportfahrzeuge gibt es in verschiedensten Grössen, vom kleinen Zubringerfahrzeug bis zum grossen Transport-LKW, mit dem schwere Ausrüstung herangeschafft werden kann. Fahrzeuginformationen Einsatzzweck: MTF für Materialwart Baujahr: 2014 Leistung: 144 PS Aufbau: Eigenbau Dimensionen (L x B [&hellip;]</p>
